{"id":572,"date":"2017-12-06T11:59:58","date_gmt":"2017-12-06T10:59:58","guid":{"rendered":"https:\/\/formation.gps-malin.com\/acces\/?page_id=572"},"modified":"2020-11-24T11:50:37","modified_gmt":"2020-11-24T10:50:37","slug":"mon-profil","status":"publish","type":"page","link":"https:\/\/formation.gps-malin.com\/acces\/mon-profil\/","title":{"rendered":"Mon profil"},"content":{"rendered":"<div id='dap_member_profile_frontend_shortcode' class='live-links-bootstrap_outer dap_member_frontend_shortcode dap_member_profile_frontend_shortcode_2'> <link rel='stylesheet' id='dap_member_bootstrap4-css'  href='https:\/\/formation.gps-malin.com\/acces\/wp-content\/plugins\/DAP-WP-LiveLinks\/includes\/css\/bootstrap4.min.css' type='text\/css' media='all' \/>\n\t\t\t\t\t<link rel='stylesheet' id='dap_member_sweetalert-css'  href='\/\/cdnjs.cloudflare.com\/ajax\/libs\/bootstrap-sweetalert\/1.0.1\/sweetalert.css' type='text\/css' media='all' \/>\n\t\t\t\t\t<link rel='stylesheet' id='dap_member_font_awesome-css'  href='\/\/maxcdn.bootstrapcdn.com\/font-awesome\/4.3.0\/css\/font-awesome.min.css' type='text\/css' media='all' \/>\n\t\t\t\t\t<link rel='stylesheet' id='dap_member_font-css'  href='\/\/fonts.googleapis.com\/css?family=Open+Sans%3A400%2C600%2C700&#038;display=swap' type='text\/css' media='all' \/>\n\t\t\t\t\t<link rel='stylesheet' id='dap_member_font-css'  href='\/\/cdn.datatables.net\/1.10.13\/css\/jquery.dataTables.min.css' type='text\/css' media='all' \/>\n\t\t\t\t\t<link rel='stylesheet' id='dap_member_dataTables-css'  href='https:\/\/formation.gps-malin.com\/acces\/wp-content\/plugins\/DAP-WP-LiveLinks\/includes\/css\/dap_member_frontend_common.css?141' type='text\/css' media='all' \/>\n\t\t\t\t\t<script type='text\/javascript' src='\/\/cdn.datatables.net\/1.10.19\/js\/jquery.dataTables.min.js'><\/script>\n\t\t\t\t\t<script type='text\/javascript' src='\/\/cdnjs.cloudflare.com\/ajax\/libs\/sweetalert\/2.1.2\/sweetalert.min.js'><\/script>\n\t\t\t\t\t<script type='text\/javascript' src='https:\/\/formation.gps-malin.com\/acces\/wp-content\/plugins\/DAP-WP-LiveLinks\/includes\/js\/dap_member_frontend_common.js?105'><\/script><style>\n\t\t  html {\n\t\t\t  --button-bg-color: #304ddb;\n\t\t\t  --button-text-color: #ffffff;\n\t\t\t  --all-text-font-family: DM Sans;\n\t\t  }\n\t  <\/style><link rel='stylesheet' id='dap_memberprofile-template-css'  href='https:\/\/formation.gps-malin.com\/acces\/wp-content\/plugins\/DAP-WP-LiveLinks\/includes\/templates\/profile\/template1\/style.css?897' type='text\/css' media='all' \/>\n\t\t\t\t\t<link rel='stylesheet'   href='\/\/cdn.jsdelivr.net\/npm\/sweetalert2@8\/dist\/sweetalert2.min.css' type='text\/css' media='all' \/>\n\t\t\t\t\t<script type='text\/javascript' src='https:\/\/formation.gps-malin.com\/acces\/wp-content\/plugins\/DAP-WP-LiveLinks\/includes\/js\/dap_member_profile_frontend.js?7521'><\/script>\t\t\n\t\t\t\t\t<script src='\/\/cdn.jsdelivr.net\/npm\/sweetalert2@8\/dist\/sweetalert2.min.js'><\/script><div class='not-login'>D\u00e9sol\u00e9, vous devez vous connecter pour avoir acc\u00e8s \u00e0 ce contenu<a href='https:\/\/formation.gps-malin.com\/acces\/connexion\/'>Cliquez ici pour vous connecter<\/a><\/div>\n\t\t\t\t<div class=\"dap_member_loading_wrapper\" >\n\t\t\t\t<div id=\"dap_member_loadingoverlay\"><\/div>\n\t\t\t\t<div id=\"dap_member_loader_icon\">\n\t\t\t\t\t<div class=\"lds-css ng-scope\"><div style=\"width:100%;height:100%\" class=\"lds-dual-ring\"><div><\/div><\/div><\/div>\n\t\t\t\t<\/div>\n\t\t\t\t<\/div><\/div><script>\n\t\t\t\t\t\tvar dap_profile_id = '2';\n\t\t\t\t\t\tvar allow_file_upload = '';\n\t\t\t\t\t\tvar allowed_types_of_file = '';\n\t\t\t\t\t\tvar max_upload_size = '';\n\t\t\t\t\t\tvar max_number_of_file = '';\n\t\t\t\t\t\tvar allowed_file_upload_types = '';\n\t\t\t\t\t\tvar file_upload_max_size = '';\n\t\t\t\t\t\tvar site_url = 'https:\/\/formation.gps-malin.com\/acces';\n\t\t\t\t\t\tvar base_path = '\/home\/sc3tame5503\/public_html\/acces\/wp-content\/plugins\/DAP-WP-LiveLinks';\n\t\t\t\t\t\t<\/script><style>.dap_member_loading_wrapper{display:none!important;}<\/style>\n","protected":false},"excerpt":{"rendered":"","protected":false},"author":1,"featured_media":0,"parent":0,"menu_order":0,"comment_status":"closed","ping_status":"closed","template":"","meta":{"footnotes":""},"tags":[],"class_list":["post-572","page","type-page","status-publish","hentry"],"jetpack_sharing_enabled":true,"_links":{"self":[{"href":"https:\/\/formation.gps-malin.com\/acces\/wp-json\/wp\/v2\/pages\/572","targetHints":{"allow":["GET"]}}],"collection":[{"href":"https:\/\/formation.gps-malin.com\/acces\/wp-json\/wp\/v2\/pages"}],"about":[{"href":"https:\/\/formation.gps-malin.com\/acces\/wp-json\/wp\/v2\/types\/page"}],"author":[{"embeddable":true,"href":"https:\/\/formation.gps-malin.com\/acces\/wp-json\/wp\/v2\/users\/1"}],"replies":[{"embeddable":true,"href":"https:\/\/formation.gps-malin.com\/acces\/wp-json\/wp\/v2\/comments?post=572"}],"version-history":[{"count":0,"href":"https:\/\/formation.gps-malin.com\/acces\/wp-json\/wp\/v2\/pages\/572\/revisions"}],"wp:attachment":[{"href":"https:\/\/formation.gps-malin.com\/acces\/wp-json\/wp\/v2\/media?parent=572"}],"wp:term":[{"taxonomy":"post_tag","embeddable":true,"href":"https:\/\/formation.gps-malin.com\/acces\/wp-json\/wp\/v2\/tags?post=572"}],"curies":[{"name":"wp","href":"https:\/\/api.w.org\/{rel}","templated":true}]}}